et q(l) = l**2 + l + 2. Calculate q(k).
22
Let c be -1 + 0 - (0 + (0 - -1)). Let n be (c - -3)/((-2)/(-12)). Suppose -3*r + 0*r + 2*x = -n, 4*r - 5*x - 15 = 0. Let g(l) = -l**2 - l - 3. Calculate g(r).
-3
Let j(q) = -q - 1. Suppose 4*p + p - 20 = 0. Let g(f) = f**2 + 24*f - 135. Let x be g(5). Suppose 5*s = 4*l + x, 2*l - 5*s = -p*s - 2. What is j(l)?
-1
Let y be ((-3)/(-5) - (-28)/(-5)) + -27 + 39. Let c(b) = -3*b**2 + 22*b + 2. Give c(y).
9
Let f be (-1)/(-7) + 3 + (-48)/(-7). Let o be -7 - -4 - f/(-2). Suppose 2*a = l - 3 + 10, -2*l - 10 = -o*a. Let t(h) = -h**3 + h**2 - 3*h + 3. Calculate t(a).
-7
Let n(d) be the second derivative of -11/6*d**3 + 3*d - 12 - 5*d**2 - 1/12*d**4. Determine n(-7).
18
Let l(n) = -3*n**2 - 3*n**2 - 1 + 0*n**2. Suppose 323*w - 319*w = 132. Suppose -41 = 8*b - w. Give l(b).
-7
Suppose -4*s + 1 = 3*a, 1 = s - 3*a - 18. Let r(t) = 2 + 3 - 6 + 13*t + s*t. Calculate r(-1).
-18
Let j(t) = t**2 + 8*t + 8. Suppose c + 11 = g, 3*g - 60 = -g - 4*c. Suppose -10*y = g*y + 138. Calculate j(y).
-4
Let o(y) = -2*y + 6. Suppose 0 = m - s + 238 - 704, 3*m - 4*s - 1403 = 0. Let b = -456 + m. What is o(b)?
-4
Let h(o) be the third derivative of -o**4/24 - 130806*o**2. Let i be 1/((-7)/(-3) + -2). Let d be ((-4)/(-6))/(2/i). Calculate h(d).
-1
Suppose 4*n - 4*w - 168 = 0, 0 = -4*n + w - 5*w + 144. Suppose 0 = z + 2*z + n. Let o(x) = -x - 5. Give o(z).
8
Let s(c) = -c**3 - 9*c**2 - 7*c + 8. Let l(n) = -50*n - 7. Let x be l(0). What is s(x)?
-41
Let t = -10487 + 10506. Let u(z) = z**2 - 18*z + 31. Calculate u(t).
50
Let w(u) = u**3 - 17*u**2 + 21*u - 59. Let c be w(16). Suppose 0 = 68*v - 75*v - c. Let y(p) = 2*p + 4. What is y(v)?
-2
Let h(f) = -11*f - 7298*f**2 - 1 + 15*f + 7299*f**2. What is h(-2)?
-5
Let c(q) = -2*q + 1. Let p(i) = i - 1. Let n = 9 + -4. Let s(z) = n*p(z) + 5*c(z). Let b(t) = -22*t + 23. Let g be b(1). What is s(g)?
-5
Let u(w) = -588*w + 4 + 1762*w - 586*w - 579*w. Calculate u(5).
49
Let r(s) = 6*s**3 + 2*s**2 - 11*s - 20. Let h(f) = -7 + 2*f**3 - 328*f + 162*f + 162*f + f**2. Let i(c) = -17*h(c) + 6*r(c). Determine i(3).
14
Let c = -18 + 28. Let f = 4 - c. Let w(a) = 1144*a. Let b(n) = 1961*n. Let v(g) = -7*b(g) + 12*w(g). Calculate v(f).
-6
Suppose -7*r + 11*r - 4*o = -8, -2 = -4*r - o. Let u(c) = -c**2 - 5*c + 11. Give u(r).
11
Let i(u) be the third derivative of -u**4/12 - 38*u**3/3 - 649*u**2. Give i(-27).
-22
Let l(x) = -x**3 + 9*x**2 - 7*x + 58. Let y be (78 - 72)*3/15*(-30)/(-4). Determine l(y).
-5
Let q(y) be the first derivative of y**5/20 - y**4/12 - 2*y**3/3 - 3*y**2/2 - 60*y - 38. Let a(f) be the first derivative of q(f). What is a(-2)?
-7
Suppose -4*p + 3*u = -37, 34 = p + 3*p - 2*u. Let w(k) = 2*k**2 + 24*k + 24. Let r be w(-11). Let z(c) = -6 + 9*c + 99*c**r - 100*c**2 + 0*c. What is z(p)?
8
Let w(j) = j**3 + 15*j**2 + 14*j - 1. Let r(d) = 2*d**3 + 24*d**2 + 3*d - 13. Let a be r(-13). Let y = -404 - a. What is w(y)?
-1
Let h(w) = -296*w - 25. Let l(r) = -178*r - 12. Let u(d) = 3*h(d) - 5*l(d). Calculate u(16).
17
Let k(z) be the second derivative of -z**4/6 + 5*z**3/6 + z**2/2 + 294*z. Suppose -y + 16 = 3*y. Give k(y).
-11
Let y(q) = q**3 - 23*q**2 + 97*q - 749. Let o be y(20). Let m(s) be the second derivative of s**5/20 + 5*s**4/6 + 3*s**3/2 - 3*s**2 - 4*s. Determine m(o).
-6
Suppose 0 = 5*n - 3*b + 52, 141*b - 145*b = n - 8. Let x(s) = s**2 + 6*s - 19. Give x(n).
-3
Let s be 154/(-6)*1704/(-3124). Let w(y) = 15*y - 207. What is w(s)?
3
Let o = 100 - 124. Let x be (63/(-4))/(-7) - (-6)/o. Let d(v) be the second derivative of v**5/20 + v**3/3 - v**2/2 + 2*v. Calculate d(x).
11
Let n(v) be the second derivative of -v**4/12 - v**3/6 - v**2/2 - 3*v. Suppose -d = 5*a + 27, 6 = 690*a - 688*a - 2*d. Determine n(a).
-13
Let c(w) = -w. Suppose -7*z = 3*z. Let y be c(z). Suppose -2*m - 2*o - 10 = y, -18 = 4*m - 0*o + 3*o. Let i(h) = 2*h + 2. Determine i(m).
-4
Let d(u) = -2*u**3 - 2*u**2 - 2*u + 1. Let j(s) = -s**2 + 3*s + 59. Let z be j(-6). Suppose -11*h = -z*h - 12. What is d(h)?
-27
Let m(a) = 185*a**2 + 25*a - 32. Let c(f) = 124*f**2 + 26*f - 31. Let q(t) = -3*c(t) + 2*m(t). Give q(1).
-1
Let q(m) = -8*m**2 + 1399 - 9*m + 12*m - 717 - 701. Calculate q(3).
-82
Let r(k) = -220 + 131 + 91 + k + 0*k. Let o be (-2)/8 + 39/12. What is r(o)?
5
Let a(m) be the first derivative of m**3/3 + m**2 - 33*m + 5395. Calculate a(-10).
47
Let j(w) = w**3 - 4*w**2 - w - 1. Let v = 290 - 120. Let f = -165 + v. Determine j(f).
19
Let b = -15155 + 15157. Let i(v) be the first derivative of -7*v - 9 - 1/2*v**b. Give i(-5).
-2
Let a(x) = -13*x + 20 - 192867*x**2 + 19 + 4*x + 6 + 192866*x**2. Determine a(-13).
-7
Let d(c) = c**2 + 6*c + 2. Let a be (9/39)/(9/(-117)). Give d(a).
-7
Let b(k) = k**3 + 34*k**2 + 101*k + 248. Let x be b(-31). Let q(l) = l**2 + l + 34. Determine q(x).
34
Let j(t) = -2*t**2 - 4*t + 19. Let n be j(14). Let l = n + 434. Let h(z) = 5*z - 13. Calculate h(l).
12
Let k(z) = -2. Let f(j) be the first derivative of -1/2*j**2 - 2*j - 17. Let i(o) = 3*f(o) - 4*k(o). Calculate i(-3).
11
Let s(r) = r**2 - 8*r + 8. Suppose 5*u = 201 - 241. Let g be (14/u)/(3/(-12)). Calculate s(g).
1
Let k(z) = -z**2 + 9*z + 27. Let x(u) = -2*u**2 + 4*u + 136. Let o be x(-7). Calculate k(o).
17
Let b(l) = l + 2. Let x be 12/14 + (-81)/21. Suppose -2*o + 1 = -2*j + 3, -2*j = 5*o - 9. Let v be (x + j)/(5/(-25)). What is b(v)?
7
Let z(u) be the third derivative of 0 + 1/120*u**6 - 1/4*u**4 - 1/6*u**3 - 104*u**2 + 0*u + 1/12*u**5. What is z(-6)?
-1
Let g(c) = -c**3 + 14*c**2 + 9. Suppose -14*h = -0*h - 8*h - 84. Give g(h).
9
Let m be (-5)/12 - (-3422)/1416. Let t(k) = 7*k**3 + 5*k**2 - 9*k - 3. Let a(s) = 15*s**3 + 11*s**2 - 19*s - 7. Let r(g) = 6*a(g) - 13*t(g). Determine r(m).
-1
Suppose 36 = 3*n + 51. Let o(y) = 8*y + 35. What is o(n)?
-5
Suppose m - 4*m = 0. Let p(k) be the first derivative of 252 + 1/2*k**2 + 1/3*k**3 - k. What is p(m)?
-1
Let g(y) = -y + 1. Suppose -2*b - 2*d - 332 = 0, 0 = -0*b + 3*b - 4*d + 491. Let k = -162 - b. Calculate g(k).
-2
Let x(t) be the second derivative of -t**3/6 - 9*t**2/2 + t. Suppose -5*a + 48 = -2*d, -64 - 8 = -4*a - 4*d. What is x(a)?
-21
Let s = 24 - 10. Let m be (3/(-18))/(-1) - s/12. Let q(p) = -11*p**2 + 3*p. Let h(a) = 21*a**2 - 5*a. Let w(v) = 4*h(v) + 7*q(v). Give w(m).
6
Let u(y) = y**3 - 31*y**2 + 29*y + 25. Let o(d) = 1365*d - 2700. Let g be o(2). Determine u(g).
-5
Let l(h) = -2*h + 22. Let m = -7722 + 7733. What is l(m)?
0
Let c(y) = -4*y**2 - 55*y + 7. Suppose 269 = -54*q - 487. What is c(q)?
-7
Let q = -404 + 407. Let m(l) = -16*l + 35. Let y be m(q). Let i(t) = t**3 + 12*t**2 - 12*t. Give i(y).
-13
Let i = 30 - 25. Suppose 5*n + 26 = 2*q, -i*q + 21 = -n + 2. Let o(b) = 73 + b - 73. Calculate o(q).
3
Let b(r) = -r**2 + 5*r + 6. Let o(v) = v**2 + 4*v + 2. Let j be o(-4). Let h = -83 - -93. Suppose 0 = u + j - h. Calculate b(u).
-18
Let h be ((-3)/(-5))/((-3)/(-45)). Suppose h*k + 152 = 5*k. Let y be k/20 + (-6)/60. Let i(m) = -m**3 - 2*m**2 + 2*m + 2. What is i(y)?
-2
Let x(o) = -243*o + 378*o + 43 - 136*o. Give x(0).
43
Let c(j) be the second derivative of j**4/12 + 5*j**3/3 + 15*j**2/2 + 2*j - 300. Calculate c(-6).
-9
Let h(l) = 4 + 8 - 26 + 7 - 25*l + 9. Let j(k) = -42*k + 4. Let d(t) = 5*h(t) - 3*j(t). What is d(-5)?
-7
Suppose 16*h + 11 = 3*j + 11*h, -13*j = 2*h - 24. Let x(z) be the second derivative of -5/2*z**j + 0 - 26*z + 4/3*z**3 + 1/12*z**4. Give x(-9).
4
Let j(t) = -6*t**2 - 5*t - 42. Let f(c) = -79*c**2 - 67*c - 567. Let g(r) = -2*f(r) + 27*j(r). Suppose 5*z = 3*z - 2. Determine g(z).
-3
Suppose 0 = -3*d + 4*x - 318, -4*d = 5*x - 7*x + 434. Let n = -124 - d. Let k(z) = -z**3 - 13*z**2 + 15*z + 17. Calculate k(n).
3
Let g(t) be the first derivative of t**5/20 - 7*t**4/12 + 3*t**3/2 + 3*t**2/2 - 104*t - 76. Let f(s) be the first derivative of g(s). Determine f(5).
-2
Let m(d) = 37*d**3 - 11*d**2 - 24*d + 1. Let k(t) = -46*t**3 + 12*t**2 + 28*t - 2. Let l(j) = 4*k(j) + 5*m(j). Let r = 25 + -17. Give l(r).
-3
Let u be (-2)/(-16) - 10277/(-344). Suppose 0 = z - 7*z + u. Let k(h) = 2 + 3*h - 5 - 1 + 0. Calculate k(z).
11
Let x = 80899 + -80895. Let l(q) = -5*q**2 + 4*q**2 - 9 + 2*q + 3*q. Give l(x).
-5
Suppose 0 = -5*c + 72 - 62, -3 = z + c. Let n(p) = -6*p - 19. 